3*r**3 + 12*r - 14. What is the thousands digit of o(j)?
1
Let u(d) = d**3 + 5*d**2 - 16*d - 16. Let b be u(-7). Let o be (5/b - 0)*4. What is the tens digit of (-11)/55 - (102/o + 0)?
1
Let p(z) = 596*z + 3637. What is the hundreds digit of p(36)?
0
Let d = -15863 - -27358. What is the tens digit of d?
9
Suppose 3*v - 22771 = b, -57*v - 37953 = -62*v + 3*b. What is the hundreds digit of v?
5
Suppose -n - 1185 = -a, 3*n + 1126 + 53 = a. Suppose -6*c + a = 3*c. What is the tens digit of c?
3
What is the hundreds digit of (10/(-20))/(1/(-37)*12/7848)?
0
Let h(f) be the first derivative of -f**4/4 - 4*f**3/3 + 3*f**2 + 7*f + 22. Let y be h(-5). Suppose 0*k - y*k + 38 = 0. What is the units digit of k?
9
Suppose 684644 = -30*n + 2931884. What is the hundreds digit of n?
9
What is the tens digit of 9*1 - (-2957 - 117)?
8
Suppose 3*z + 27 = 6*z. What is the hundreds digit of ((-5)/2 + z + -5)*284?
4
Let r be (93/15 + -3)*115. Suppose 0 = -4*g - 0*g + r. Suppose -2*m + 30 = -g. What is the units digit of m?
1
Suppose -2*k = -5*k - 4*o + 10, 4*k + 5*o = 14. Suppose 0 = k*i + 28 - 82. What is the units digit of -2*(17/(-2) - (i + -7))?
1
Let t be (-1875)/(-20) - (15/4)/5. Let z be 4/5*(t - (-2 - -5)). What is the tens digit of (3006/z)/(1/4)?
6
Let x be (-19)/(4 - (-105)/(-25)). Suppose 97*s = x*s + 1908. What is the hundreds digit of s?
9
Let s = -268 + 272. Suppose -4*u + 11*t = 12*t - 3282, -3*u - s*t + 2455 = 0. What is the units digit of u?
1
Let z(d) = 3*d**2 + 10*d - 11. Let f be z(8). Suppose 4*b - f = -45. Let j = b + -10. What is the units digit of j?
4
Let t = -6 + 11. Suppose c - 41 = -p, 116 + 121 = t*c - 3*p. Let y = c + 101. What is the tens digit of y?
4
Suppose 8*b - 1974 = 18778. Suppose -14*m = -b - 2292. What is the tens digit of m?
4
Let x(h) = 6*h + 12. Let s be x(3). Let f(u) = -2*u - 6 + s + 5*u - 4*u. What is the units digit of f(7)?
7
Let y = 4307 + 2928. What is the tens digit of y?
3
Let h(u) = -u**2 - 19*u + 8. Let o = 29 - 48. Let m be h(o). What is the hundreds digit of (6/m)/(1/148)?
1
Let j = 2967 + -2206. What is the hundreds digit of j?
7
Suppose -3*j - 76602 = -3*u, 0 = -16*u + 17*u - 5*j - 25542. What is the thousands digit of u?
5
What is the thousands digit of 9017 - (7/14)/(1/18)?
9
Let b = 5839 + -5827. Let h = -16 + 24. What is the tens digit of 1647/b - 2/h?
3
Let l(c) = -388*c + 24. Let i be l(2). Let a = 1122 + i. What is the units digit of a?
0
Suppose 10*a + 11*a - 27153 = 0. What is the hundreds digit of a + (-27)/9 + 6?
2
Let y = -84 + 68. Let p = 20 + y. Suppose -585 = -p*k + 67. What is the hundreds digit of k?
1
Let q = 3449 - -1249. What is the tens digit of q?
9
Suppose 0 = -1335*a + 1353*a - 144846. What is the hundreds digit of a?
0
Suppose 2457 = -9*y + 37692. What is the hundreds digit of y?
9
Let t = -2026 - -2406. What is the units digit of t?
0
Let m = -1972 + 11133. What is the tens digit of m?
6
Let f = 100025 - 62032. What is the hundreds digit of f?
9
Let n = -60 + 93. Suppose 4*a - 12 = -4. Let u = n - a. What is the tens digit of u?
3
Suppose 19*s + 27 = 28*s. Suppose -3*j + 454 = -0*b + b, 0 = -j + s. What is the hundreds digit of b?
4
What is the hundreds digit of (-303)/1*47/(-3)?
7
What is the hundreds digit of 117144/10 - 26/(-1170)*-18?
7
Let r be (16/(-12) + 0)*(-1143)/(-6). Let s = 689 + r. Suppose -5*v - 5*y + s = 0, -v - 6*y + 92 = -10*y. What is the units digit of v?
8
Suppose -5*u + 3*v = 84, 0 = 3*u - 2*v + 3 + 47. Let w(l) = l**3 + 17*l**2 - 19*l - 17. Let n be w(u). What is the units digit of (-2)/(-9) + n*1965/27?
3
Let j be (0 - -2)/(-2)*215. Let i = j - -48. Let w = -24 - i. What is the hundreds digit of w?
1
Let y be (3504/14)/(50/175). Let w = y - 274. What is the hundreds digit of w?
6
Suppose -169 = -10*d + 221. Suppose 0 = -d*j + 3891 + 2193. What is the units digit of j?
6
Suppose 3*r - 7*r = -j + 5735, -2*r + 8 = 0. What is the tens digit of j?
5
Let t(v) = -v**2 + 10*v - 24. Let x be t(4). Suppose -j + q + 477 = x, -20*q = -2*j - 22*q + 970. What is the units digit of j?
1
Let o(g) = 17*g - 8. Let d be o(3). Let c = 46 - d. Suppose -3*h = 2*q - 238, 0 = h + c*q - 82 + 5. What is the tens digit of h?
8
Let h be (4 + -49)/((-2)/(-22)). What is the units digit of 3*14/(-63)*h?
0
Suppose -z = 4*z - 55. Suppose z*n - 4430 = -459. What is the tens digit of n?
6
Suppose 21721 = 5*a + 11*f - 12*f, -30 = 5*f. What is the hundreds digit of a?
3
Let v(b) = -b**3 + 58*b**2 + 61*b - 803. What is the hundreds digit of v(32)?
7
Let b(w) = 349*w - 2350. What is the hundreds digit of b(12)?
8
Let y(k) = 12*k + 8. Let v be y(-6). Suppose 15*t + 25*t = -24*t - 18560. Let w = v - t. What is the hundreds digit of w?
2
What is the tens digit of 927436/14 + (-16 - 4469/(-287))?
4
Let j(n) = 4*n**2 + 7*n - 4. Let c be j(-6). Suppose 0 = m - c - 96. What is the hundreds digit of m?
1
Suppose -2*n + 4*n + 2*f + 10 = 0, -n - 10 = -4*f. What is the tens digit of ((-8)/n)/(8/1656)?
7
Let m(c) = c**2 - c - 1. Let g(y) = -y**3 + y**2 + 4*y - 14. Let i(l) = -g(l) + 4*m(l). Let p be i(8). What is the units digit of (3 + 0)/(15/p*5)?
6
Let t(x) = -9*x**2 + 3*x**2 + 17*x + 7*x**2 - 6*x - 63. What is the hundreds digit of t(22)?
6
Let x(z) = z**3 - 31*z**2 - 253*z + 24. What is the thousands digit of x(41)?
6
Suppose -5*d - 193*h + 327657 = -191*h, -2*d - 3*h = -131076. What is the ten thousands digit of d?
6
Let l be (-36)/(-21) - (-2)/7. Let k be (1/(l/(-33)))/(39/52). What is the units digit of k/33 - 844/(-6)?
0
Let w = -213 - -208. Let y(r) = 39*r**2 + 11*r + 87. What is the thousands digit of y(w)?
1
Let c = -27860 + 61892. What is the thousands digit of c?
4
Let l be -20 - (2 + -1 - 2). Let t(x) = 3*x**3 - 9*x**2 + 18*x + 5. Let q be t(3). Let h = q + l. What is the tens digit of h?
4
Let d = 6133 - 996. What is the tens digit of d?
3
Let c(a) = 208*a**2 - 5*a. Let h be 3/24*-4*-2. What is the tens digit of c(h)?
0
Suppose -2*q + 1185 = q. Let u be (1 - 2)/((-25 - -15)/400). What is the tens digit of 2/(u/q)*4?
7
Suppose 30 = -23*k + 122. Suppose 0 = l - 4*f - 299, -4*l + k*f + 1175 = 9*f. What is the units digit of l?
5
What is the ten thousands digit of (90/(-3) + 20)*(-1895 + 1)?
1
Suppose 13 - 9 = g. Suppose 2*k = -g*i + 16, -k = k + 3*i - 12. Suppose v - 4*s - 53 = 0, 0 = -s - k*s - 1. What is the units digit of v?
9
Suppose p - 4*p + 3*s = 51, -4*p - 3*s - 75 = 0. What is the hundreds digit of 415 - -18*6/p?
4
Let z = -12890 - -18501. What is the tens digit of z?
1
Suppose 5*f - 4995 = -0*f. Let r = f - 679. What is the tens digit of r?
2
Let u = -5850 - -12429. Suppose u = 8*c - 2205. What is the hundreds digit of c?
0
Suppose -25*j = 20*j + 151*j - 126812. Let z be 6*(1 + (-374)/6). Let i = j + z. What is the units digit of i?
9
Let x(o) = 25*o**3 + 88*o**2 - 966*o - 10. What is the hundreds digit of x(13)?
2
Let q = 6233 + -6224. What is the units digit of q?
9
Let w(o) = 305*o**2 - 7*o - 51. What is the ten thousands digit of w(-6)?
1
Let o = -2177 + 10146. What is the hundreds digit of o?
9
Let t = -616 - -1069. Let z = t + -278. What is the tens digit of z?
7
Suppose 0 = -5*d - 52 - 53. Let t = d - -57. Let v = 43 - t. What is the units digit of v?
7
Let n be (-59901)/33 - (-12)/66. Let b = 2549 + n. What is the units digit of b?
4
What is the ten thousands digit of (-16)/24*2536155/(-30) + 5?
5
Let n(l) = -1123*l - 3389. What is the units digit of n(-7)?
2
What is the hundreds digit of ((-34)/51)/(32083/224679 + 11/(-77))?
6
Suppose 3*v - 3*o = 45, 0 = 2*v + 3*v - o - 75. Let q(f) = f**3 - 14*f**2 - 14*f + 3. Let p be q(v). What is the tens digit of p*((-20)/(-12) + 3)?
8
Suppose -3*t - 17 = b, -t + 3*b - 24 = -5. Let h = t + 7. Suppose -7*u + 147 = -h*u. What is the units digit of u?
1
Let u(r) = 4*r**2 - 157*r + 291*r - 132*r + 6. Let c(z) = -z**3 + 4*z**2 - 2*z + 5. Let i be c(4). What is the tens digit of u(i)?
3
What is the hundreds digit of (-11)/(-3) + -3 + (-520982)/(-51)?
2
Let z be (-396)/3*(-8)/3. Let n = z - 134. What is the hundreds digit of n?
2
What is the hundreds digit of (-980370)/(-70) + 36/(-28)?
0
What is the tens digit of (-464)/(-232) - (-1 + -3540)/(-2 + 3)?
4
Let s(v) be the third derivative of -2/3*v**3 + 0 + 0*v + 7/12*v**4 + 2*v**2. What is the